{"id":2498,"date":"2022-03-14T15:46:11","date_gmt":"2022-03-14T15:46:11","guid":{"rendered":"https:\/\/projekt.mazuryresidence.pl\/?page_id=2498"},"modified":"2022-03-15T10:14:50","modified_gmt":"2022-03-15T10:14:50","slug":"marina","status":"publish","type":"page","link":"https:\/\/projekt.mazuryresidence.pl\/index.php\/marina\/","title":{"rendered":"Marina"},"content":{"rendered":"\t\t<div data-elementor-type=\"wp-page\" data-elementor-id=\"2498\" class=\"elementor elementor-2498\" data-elementor-settings=\"[]\">\n\t\t\t\t\t\t\t<div class=\"elementor-section-wrap\">\n\t\t\t\t\t\t\t<section data-particle_enable=\"false\" data-particle-mobile-disabled=\"false\" class=\"elementor-section elementor-top-section elementor-element elementor-element-af77ba2 elementor-section-full_width elementor-section-height-default elementor-section-height-default\" data-id=\"af77ba2\" data-element_type=\"section\" data-settings=\"{&quot;_ha_eqh_enable&quot;:false}\">\n\t\t\t\t\t\t<div class=\"elementor-container elementor-column-gap-no\">\n\t\t\t\t\t<div class=\"elementor-column elementor-col-100 elementor-top-column elementor-element elementor-element-4786388\" data-id=\"4786388\" data-element_type=\"column\">\n\t\t\t<div class=\"elementor-widget-wrap elementor-element-populated\">\n\t\t\t\t\t\t\t\t<section data-particle_enable=\"false\" data-particle-mobile-disabled=\"false\" class=\"elementor-section elementor-inner-section elementor-element elementor-element-2201a79 elementor-section-full_width elementor-section-height-min-height elementor-section-content-space-around elementor-section-height-default\" data-id=\"2201a79\" data-element_type=\"section\" data-settings=\"{&quot;background_background&quot;:&quot;classic&quot;,&quot;_ha_eqh_enable&quot;:false}\">\n\t\t\t\t\t\t<div class=\"elementor-container elementor-column-gap-default\">\n\t\t\t\t\t<div class=\"elementor-column elementor-col-50 elementor-inner-column elementor-element elementor-element-0ddc0cd\" data-id=\"0ddc0cd\" data-element_type=\"column\" data-settings=\"{&quot;background_background&quot;:&quot;classic&quot;}\">\n\t\t\t<div class=\"elementor-widget-wrap elementor-element-populated\">\n\t\t\t\t\t<div class=\"elementor-background-overlay\"><\/div>\n\t\t\t\t\t\t\t\t<div class=\"elementor-element elementor-element-831ca75 elementor-view-default elementor-vertical-align-top elementor-widget elementor-widget-icon-box\" data-id=\"831ca75\" data-element_type=\"widget\" data-widget_type=\"icon-box.default\">\n\t\t\t\t<div class=\"elementor-widget-container\">\n\t\t\t<style>\/*! elementor - v3.5.3 - 28-12-2021 *\/\n@media (min-width:768px){.elementor-widget-icon-box.elementor-position-left .elementor-icon-box-wrapper,.elementor-widget-icon-box.elementor-position-right .elementor-icon-box-wrapper{display:-webkit-box;display:-ms-flexbox;display:flex}.elementor-widget-icon-box.elementor-position-left .elementor-icon-box-icon,.elementor-widget-icon-box.elementor-position-right .elementor-icon-box-icon{display:-webkit-inline-box;display:-ms-inline-flexbox;display:inline-flex;-webkit-box-flex:0;-ms-flex:0 0 auto;flex:0 0 auto}.elementor-widget-icon-box.elementor-position-right .elementor-icon-box-wrapper{text-align:right;-webkit-box-orient:horizontal;-webkit-box-direction:reverse;-ms-flex-direction:row-reverse;flex-direction:row-reverse}.elementor-widget-icon-box.elementor-position-left .elementor-icon-box-wrapper{text-align:left;-webkit-box-orient:horizontal;-webkit-box-direction:normal;-ms-flex-direction:row;flex-direction:row}.elementor-widget-icon-box.elementor-position-top .elementor-icon-box-img{margin:auto}.elementor-widget-icon-box.elementor-vertical-align-top .elementor-icon-box-wrapper{-webkit-box-align:start;-ms-flex-align:start;align-items:flex-start}.elementor-widget-icon-box.elementor-vertical-align-middle .elementor-icon-box-wrapper{-webkit-box-align:center;-ms-flex-align:center;align-items:center}.elementor-widget-icon-box.elementor-vertical-align-bottom .elementor-icon-box-wrapper{-webkit-box-align:end;-ms-flex-align:end;align-items:flex-end}}@media (max-width:767px){.elementor-widget-icon-box .elementor-icon-box-icon{margin-left:auto!important;margin-right:auto!important;margin-bottom:15px}}.elementor-widget-icon-box .elementor-icon-box-wrapper{text-align:center}.elementor-widget-icon-box .elementor-icon-box-title a{color:inherit}.elementor-widget-icon-box .elementor-icon-box-content{-webkit-box-flex:1;-ms-flex-positive:1;flex-grow:1}.elementor-widget-icon-box .elementor-icon-box-description{margin:0}<\/style>\t\t<div class=\"elementor-icon-box-wrapper\">\n\t\t\t\t\t\t<div class=\"elementor-icon-box-content\">\n\t\t\t\t<h3 class=\"elementor-icon-box-title\">\n\t\t\t\t\t<span  >\n\t\t\t\t\t\tMarina\t\t\t\t\t<\/span>\n\t\t\t\t<\/h3>\n\t\t\t\t\t\t\t\t\t<p class=\"elementor-icon-box-description\">\n\t\t\t\t\t\tPort jachtowy dost\u0119pny dla\nwszystkich mieszka\u0144c\u00f3w\t\t\t\t\t<\/p>\n\t\t\t\t\t\t\t<\/div>\n\t\t<\/div>\n\t\t\t\t<\/div>\n\t\t\t\t<\/div>\n\t\t\t\t<div class=\"elementor-element elementor-element-d02bb0b elementor-position-left elementor-view-default elementor-vertical-align-top elementor-widget elementor-widget-icon-box\" data-id=\"d02bb0b\" data-element_type=\"widget\" data-widget_type=\"icon-box.default\">\n\t\t\t\t<div class=\"elementor-widget-container\">\n\t\t\t\t\t<div class=\"elementor-icon-box-wrapper\">\n\t\t\t\t\t\t<div class=\"elementor-icon-box-icon\">\n\t\t\t\t<span class=\"elementor-icon elementor-animation-\" >\n\t\t\t\t<svg xmlns=\"http:\/\/www.w3.org\/2000\/svg\" xmlns:xlink=\"http:\/\/www.w3.org\/1999\/xlink\" id=\"Capa_1\" x=\"0px\" y=\"0px\" viewBox=\"0 0 477.6 477.6\" style=\"enable-background:new 0 0 477.6 477.6;\" xml:space=\"preserve\"> <g> <g> <path d=\"M407.583,70c-45.1-45.1-105-70-168.8-70s-123.7,24.9-168.8,70c-87,87-93.3,226-15.8,320.2c-10.7,21.9-23.3,36.5-37.6,43.5 c-8.7,4.3-13.6,13.7-12.2,23.3c1.5,9.7,8.9,17.2,18.6,18.7c5.3,0.8,11,1.3,16.9,1.3l0,0c29.3,0,60.1-10.1,85.8-27.8 c34.6,18.6,73.5,28.4,113.1,28.4c63.8,0,123.7-24.8,168.8-69.9s69.9-105.1,69.9-168.8S452.683,115.1,407.583,70z M388.483,388.5 c-40,40-93.2,62-149.7,62c-37.8,0-74.9-10.1-107.2-29.1c-2.1-1.2-4.5-1.9-6.8-1.9c-2.9,0-5.9,1-8.3,2.8 c-30.6,23.7-61.4,27.2-74.9,27.5c16.1-12,29.6-30.6,40.9-56.5c2.1-4.8,1.2-10.4-2.3-14.4c-74-83.6-70.1-211,8.9-290 c40-40,93.2-62,149.7-62s109.7,22,149.7,62C471.083,171.6,471.083,306,388.483,388.5z\"><\/path> <path d=\"M338.783,160h-200c-7.5,0-13.5,6-13.5,13.5s6,13.5,13.5,13.5h200c7.5,0,13.5-6,13.5-13.5S346.183,160,338.783,160z\"><\/path> <path d=\"M338.783,225.3h-200c-7.5,0-13.5,6-13.5,13.5s6,13.5,13.5,13.5h200c7.5,0,13.5-6,13.5-13.5S346.183,225.3,338.783,225.3z\"><\/path> <path d=\"M338.783,290.6h-200c-7.5,0-13.5,6-13.5,13.5s6,13.5,13.5,13.5h200c7.5,0,13.5-6,13.5-13.5S346.183,290.6,338.783,290.6z\"><\/path> <\/g> <\/g> <g> <\/g> <g> <\/g> <g> <\/g> <g> <\/g> <g> <\/g> <g> <\/g> <g> <\/g> <g> <\/g> <g> <\/g> <g> <\/g> <g> <\/g> <g> <\/g> <g> <\/g> <g> <\/g> <g> <\/g> <\/svg>\t\t\t\t<\/span>\n\t\t\t<\/div>\n\t\t\t\t\t\t<div class=\"elementor-icon-box-content\">\n\t\t\t\t<h3 class=\"elementor-icon-box-title\">\n\t\t\t\t\t<span  >\n\t\t\t\t\t\tInformacje\t\t\t\t\t<\/span>\n\t\t\t\t<\/h3>\n\t\t\t\t\t\t\t\t\t<p class=\"elementor-icon-box-description\">\n\t\t\t\t\t\tPowierzchnia: 26,04 km\u00b2<br>\nPoziom lustra wody: 116 m<br>\nG\u0142\u0119boko\u015b\u0107 \u2022 maksymalna: 39,7 m<br>\nMiejscowo\u015bci nadbrze\u017cne: Gi\u017cycko, Wilkasy<br>\nRodzaj jeziora: morenowe<br>\nWymiary \u2022 max d\u0142ugo\u015b\u0107 \u2022 max szeroko\u015b\u0107: 10,8 km; 4,8 km\t\t\t\t\t<\/p>\n\t\t\t\t\t\t\t<\/div>\n\t\t<\/div>\n\t\t\t\t<\/div>\n\t\t\t\t<\/div>\n\t\t\t\t\t<\/div>\n\t\t<\/div>\n\t\t\t\t<div class=\"elementor-column elementor-col-50 elementor-inner-column elementor-element elementor-element-c7b51d2\" data-id=\"c7b51d2\" data-element_type=\"column\" data-settings=\"{&quot;background_background&quot;:&quot;classic&quot;}\">\n\t\t\t<div class=\"elementor-widget-wrap elementor-element-populated\">\n\t\t\t\t\t\t\t\t<div class=\"elementor-element elementor-element-36e2e04 elementor-widget elementor-widget-heading\" data-id=\"36e2e04\" data-element_type=\"widget\" data-widget_type=\"heading.default\">\n\t\t\t\t<div class=\"elementor-widget-container\">\n\t\t\t<style>\/*! elementor - v3.5.3 - 28-12-2021 *\/\n.elementor-heading-title{padding:0;margin:0;line-height:1}.elementor-widget-heading .elementor-heading-title[class*=elementor-size-]>a{color:inherit;font-size:inherit;line-height:inherit}.elementor-widget-heading .elementor-heading-title.elementor-size-small{font-size:15px}.elementor-widget-heading .elementor-heading-title.elementor-size-medium{font-size:19px}.elementor-widget-heading .elementor-heading-title.elementor-size-large{font-size:29px}.elementor-widget-heading .elementor-heading-title.elementor-size-xl{font-size:39px}.elementor-widget-heading .elementor-heading-title.elementor-size-xxl{font-size:59px}<\/style><h3 class=\"elementor-heading-title elementor-size-default\">Udogodnienia jakie czekaj\u0105 w porcie \u017ceglarskim:<\/h3>\t\t<\/div>\n\t\t\t\t<\/div>\n\t\t\t\t<div class=\"elementor-element elementor-element-06414fe elementor-position-left elementor-view-default elementor-vertical-align-top elementor-widget elementor-widget-icon-box\" data-id=\"06414fe\" data-element_type=\"widget\" data-widget_type=\"icon-box.default\">\n\t\t\t\t<div class=\"elementor-widget-container\">\n\t\t\t\t\t<div class=\"elementor-icon-box-wrapper\">\n\t\t\t\t\t\t<div class=\"elementor-icon-box-icon\">\n\t\t\t\t<span class=\"elementor-icon elementor-animation-\" >\n\t\t\t\t<svg xmlns=\"http:\/\/www.w3.org\/2000\/svg\" xmlns:xlink=\"http:\/\/www.w3.org\/1999\/xlink\" id=\"Warstwa_1\" x=\"0px\" y=\"0px\" viewBox=\"0 0 141.7 141.7\" style=\"enable-background:new 0 0 141.7 141.7;\" xml:space=\"preserve\"> <g id=\"XMLID_1_\"> <path id=\"XMLID_35_\" d=\"M10.5,123c2.6-3.4,8.4-4.7,12.7-2.9c1.2,0.5,2.3,1.2,3.3,1.9c2.9,1.9,5.6,1.9,8.4,0c2.8-2,5.7-3.1,9.1-2.6 c1.6,0.3,3.1,1,4.6,1.6c0.7,0.3,1.2,0.8,1.8,1.2c2.7,1.7,5.4,1.7,8,0c2.2-1.5,4.4-2.6,7-2.8c2.6-0.1,5,0.4,7.2,1.9 c0.4,0.3,0.9,0.6,1.3,0.9c2.8,1.8,5.5,1.9,8.3,0c2.1-1.5,4.3-2.6,6.9-2.7c2.6-0.1,4.9,0.4,7.1,1.8c0.5,0.3,0.9,0.6,1.4,0.9 c2.7,1.8,5.5,1.8,8.2,0c2.1-1.5,4.4-2.6,7.1-2.7c2.5-0.1,4.8,0.4,6.9,1.7c0.6,0.4,1.2,0.8,1.8,1.2c2.6,1.6,5.1,1.5,7.7,0 c0.7-0.4,1.5-0.8,2.3-0.8c1,0,1.8,0.7,2.1,1.7c0.3,1-0.1,1.9-0.9,2.6c-3.6,3-9.4,3.4-13.4,0.9c-0.5-0.3-1-0.7-1.5-1 c-2.9-1.9-5.6-1.9-8.5,0c-1.5,0.9-3.1,1.8-4.8,2.3c-3.3,1-6.4,0.3-9.2-1.5c-1.4-0.9-2.8-2-4.6-2.2c-2.2-0.2-4,0.6-5.7,1.8 c-2.8,2-6,2.8-9.3,2c-1.7-0.4-3.4-1.3-4.9-2.2c-3.4-2.1-5.8-2.2-9.1,0c-5.1,3.4-9.6,3.4-14.7-0.1c-3.1-2.1-5.8-2.1-8.9,0 c-5.1,3.5-9.6,3.5-14.7,0c-3-2-5.8-2.2-8.8-0.2c-1.6,1.1-2.6,0.8-4.1-0.9C10.5,124.1,10.5,123.5,10.5,123z\"><\/path> <path id=\"XMLID_34_\" d=\"M10.5,95.7c0.7-1.4,1.9-1.8,3.4-1.7c4.1,0.1,8.2,0,12.3,0c1.2,0,2.1,0.4,2.6,1.6c0.6,1.6-0.5,3.2-2.4,3.3 c-2.9,0-5.9,0-8.8,0c-0.3,0-0.6,0-1.2,0c1.3,2.2,2.3,4.4,3.7,6.2c2.2,2.8,4.6,5.3,7,7.9c0.9,0.9,1.6,1.8,1.1,3.1 c-0.6,1.7-2.6,2.2-4,0.9c-2.3-2.2-4.6-4.4-6.6-6.9c-2.9-3.5-5.1-7.6-6.7-11.9c-0.1-0.3-0.3-0.6-0.5-0.9 C10.5,96.7,10.5,96.2,10.5,95.7z\"><\/path> <path id=\"XMLID_33_\" d=\"M74.6,94c0.7,0,1.2,0,1.6,0c18,0,36,0,54,0c0.4,0,0.8,0,1.2,0c1.8,0.1,2.9,1.5,2.3,3.2 c-2.7,7.8-7.3,14.4-13.6,19.7c-1.2,1-2.7,0.9-3.5-0.2c-0.9-1.2-0.7-2.5,0.6-3.7c3.3-2.8,6.2-6.1,8.4-9.9c0.8-1.4,1.5-2.8,2.3-4.4 c-0.7,0-1.2,0-1.7,0c-25.9,0-51.8,0-77.6,0c-0.4,0-0.9,0-1.3,0c-1.3-0.1-2.2-1.1-2.3-2.4c0-1.3,0.9-2.3,2.3-2.4c0.4,0,0.8,0,1.2,0 c6.5,0,13.1,0,19.6,0c0.4,0,0.9,0,1.5,0c0-0.6,0-1.1,0-1.6c0-24.8,0-49.6,0-74.4c0-0.5,0-1,0-1.4c0.2-1.3,1.3-2.2,2.5-2.1 c1.2,0.1,2.1,1,2.2,2.3c0,0.5,0,1,0,1.4c0,24.7,0,49.4,0,74.1C74.6,92.9,74.6,93.4,74.6,94z\"><\/path> <path id=\"XMLID_32_\" d=\"M84.3,83.4c10.6,0,21.1,0,31.8,0c-1.4-25.2-11.9-45.7-31.8-61.8c0,0.8,0,1.2,0,1.6c0,5.2,0,10.4,0,15.7 c0,1.5-0.6,2.4-1.8,2.7c-1.7,0.4-3-0.7-3-2.6c0-3.3,0-6.6,0-9.9c0-3.9,0-7.8,0-11.7c0-1.1,0.3-2,1.4-2.6c1-0.5,1.9-0.2,2.8,0.5 c13.3,9.4,23.5,21.3,30,36.3c3.3,7.5,5.5,15.2,6.5,23.3c0.4,3.5,0.6,7,0.7,10.6c0.1,2-0.9,2.9-2.9,2.9c-11.9,0-23.7,0-35.6,0 c-2.1,0-3-0.9-3-2.9c0-9,0-17.9,0-26.9c0-1.7,0.9-2.9,2.4-2.9c1.5,0,2.4,1.1,2.4,3c0,7.8,0,15.5,0,23.3 C84.3,82.3,84.3,82.7,84.3,83.4z\"><\/path> <path id=\"XMLID_29_\" d=\"M65,57.5c0,9.2,0,18.3,0,27.5c0,2.5-0.8,3.3-3.3,3.3c-9.5,0-19,0-28.6,0c-2.8,0-3.8-1.7-2.5-4.2 c9.8-18.5,19.6-37,29.4-55.4c0.2-0.4,0.5-0.9,0.8-1.2c0.7-0.7,1.7-1,2.5-0.5c0.7,0.4,1.1,1.2,1.5,1.9c0.2,0.3,0.1,0.9,0.1,1.3 C65,39.2,65,48.4,65,57.5z M60,83.4C60,68.6,60,54,60,39c-7.9,15-15.7,29.6-23.6,44.4C44.5,83.4,52.2,83.4,60,83.4z\"><\/path> <path id=\"XMLID_28_\" d=\"M84.2,49.6c0,1.3-1.1,2.3-2.4,2.3c-1.3,0-2.4-1.1-2.4-2.4c0-1.3,1.2-2.5,2.5-2.4 C83.2,47.2,84.3,48.3,84.2,49.6z\"><\/path> <path id=\"XMLID_27_\" d=\"M40,96.5c0,1.3-1.1,2.4-2.4,2.4c-1.3,0-2.4-1.2-2.4-2.5c0.1-1.3,1.1-2.3,2.5-2.3C39,94.1,40,95.2,40,96.5z\"><\/path> <\/g> <\/svg>\t\t\t\t<\/span>\n\t\t\t<\/div>\n\t\t\t\t\t\t<div class=\"elementor-icon-box-content\">\n\t\t\t\t<h3 class=\"elementor-icon-box-title\">\n\t\t\t\t\t<span  >\n\t\t\t\t\t\tWypo\u017cyczalnia\t\t\t\t\t<\/span>\n\t\t\t\t<\/h3>\n\t\t\t\t\t\t\t\t\t<p class=\"elementor-icon-box-description\">\n\t\t\t\t\t\twypo\u017cyczalnia sprz\u0119tu wodnego dla mieszka\u0144c\u00f3w osiedla tj. rowery wodne, kajaki oraz jachty.\t\t\t\t\t<\/p>\n\t\t\t\t\t\t\t<\/div>\n\t\t<\/div>\n\t\t\t\t<\/div>\n\t\t\t\t<\/div>\n\t\t\t\t<div class=\"elementor-element elementor-element-a6472d2 elementor-position-left elementor-view-default elementor-vertical-align-top elementor-widget elementor-widget-icon-box\" data-id=\"a6472d2\" data-element_type=\"widget\" data-widget_type=\"icon-box.default\">\n\t\t\t\t<div class=\"elementor-widget-container\">\n\t\t\t\t\t<div class=\"elementor-icon-box-wrapper\">\n\t\t\t\t\t\t<div class=\"elementor-icon-box-icon\">\n\t\t\t\t<span class=\"elementor-icon elementor-animation-\" >\n\t\t\t\t<svg xmlns=\"http:\/\/www.w3.org\/2000\/svg\" xmlns:xlink=\"http:\/\/www.w3.org\/1999\/xlink\" id=\"Capa_1\" x=\"0px\" y=\"0px\" viewBox=\"0 0 477 477\" style=\"enable-background:new 0 0 477 477;\" xml:space=\"preserve\"> <g> <g> <path d=\"M238.4,0C133,0,47.2,85.8,47.2,191.2c0,12,1.1,24.1,3.4,35.9c0.1,0.7,0.5,2.8,1.3,6.4c2.9,12.9,7.2,25.6,12.8,37.7 c20.6,48.5,65.9,123,165.3,202.8c2.5,2,5.5,3,8.5,3s6-1,8.5-3c99.3-79.8,144.7-154.3,165.3-202.8c5.6-12.1,9.9-24.7,12.8-37.7 c0.8-3.6,1.2-5.7,1.3-6.4c2.2-11.8,3.4-23.9,3.4-35.9C429.6,85.8,343.8,0,238.4,0z M399.6,222.4c0,0.2-0.1,0.4-0.1,0.6 c-0.1,0.5-0.4,2-0.9,4.3c0,0.1,0,0.1,0,0.2c-2.5,11.2-6.2,22.1-11.1,32.6c-0.1,0.1-0.1,0.3-0.2,0.4 c-18.7,44.3-59.7,111.9-148.9,185.6c-89.2-73.7-130.2-141.3-148.9-185.6c-0.1-0.1-0.1-0.3-0.2-0.4c-4.8-10.4-8.5-21.4-11.1-32.6 c0-0.1,0-0.1,0-0.2c-0.6-2.3-0.8-3.8-0.9-4.3c0-0.2-0.1-0.4-0.1-0.7c-2-10.3-3-20.7-3-31.2c0-90.5,73.7-164.2,164.2-164.2 s164.2,73.7,164.2,164.2C402.6,201.7,401.6,212.2,399.6,222.4z\"><\/path> <path d=\"M238.4,71.9c-66.9,0-121.4,54.5-121.4,121.4s54.5,121.4,121.4,121.4s121.4-54.5,121.4-121.4S305.3,71.9,238.4,71.9z M238.4,287.7c-52.1,0-94.4-42.4-94.4-94.4s42.4-94.4,94.4-94.4s94.4,42.4,94.4,94.4S290.5,287.7,238.4,287.7z\"><\/path> <\/g> <\/g> <g> <\/g> <g> <\/g> <g> <\/g> <g> <\/g> <g> <\/g> <g> <\/g> <g> <\/g> <g> <\/g> <g> <\/g> <g> <\/g> <g> <\/g> <g> <\/g> <g> <\/g> <g> <\/g> <g> <\/g> <\/svg>\t\t\t\t<\/span>\n\t\t\t<\/div>\n\t\t\t\t\t\t<div class=\"elementor-icon-box-content\">\n\t\t\t\t<h3 class=\"elementor-icon-box-title\">\n\t\t\t\t\t<span  >\n\t\t\t\t\t\tLokalizacja\t\t\t\t\t<\/span>\n\t\t\t\t<\/h3>\n\t\t\t\t\t\t\t\t\t<p class=\"elementor-icon-box-description\">\n\t\t\t\t\t\tMarina (port \u017ceglarski) po\u0142\u0105czony bezpo\u015brednio z przepi\u0119knym jeziorem Nigocin.\t\t\t\t\t<\/p>\n\t\t\t\t\t\t\t<\/div>\n\t\t<\/div>\n\t\t\t\t<\/div>\n\t\t\t\t<\/div>\n\t\t\t\t<div class=\"elementor-element elementor-element-52913de elementor-position-left elementor-view-default elementor-vertical-align-top elementor-widget elementor-widget-icon-box\" data-id=\"52913de\" data-element_type=\"widget\" data-widget_type=\"icon-box.default\">\n\t\t\t\t<div class=\"elementor-widget-container\">\n\t\t\t\t\t<div class=\"elementor-icon-box-wrapper\">\n\t\t\t\t\t\t<div class=\"elementor-icon-box-icon\">\n\t\t\t\t<span class=\"elementor-icon elementor-animation-\" >\n\t\t\t\t<svg xmlns=\"http:\/\/www.w3.org\/2000\/svg\" xmlns:xlink=\"http:\/\/www.w3.org\/1999\/xlink\" id=\"Capa_1\" x=\"0px\" y=\"0px\" viewBox=\"0 0 489.711 489.711\" style=\"enable-background:new 0 0 489.711 489.711;\" xml:space=\"preserve\"> <g> <g> <path d=\"M112.156,97.111c72.3-65.4,180.5-66.4,253.8-6.7l-58.1,2.2c-7.5,0.3-13.3,6.5-13,14c0.3,7.3,6.3,13,13.5,13 c0.2,0,0.3,0,0.5,0l89.2-3.3c7.3-0.3,13-6.2,13-13.5v-1c0-0.2,0-0.3,0-0.5v-0.1l0,0l-3.3-88.2c-0.3-7.5-6.6-13.3-14-13 c-7.5,0.3-13.3,6.5-13,14l2.1,55.3c-36.3-29.7-81-46.9-128.8-49.3c-59.2-3-116.1,17.3-160,57.1c-60.4,54.7-86,137.9-66.8,217.1 c1.5,6.2,7,10.3,13.1,10.3c1.1,0,2.1-0.1,3.2-0.4c7.2-1.8,11.7-9.1,9.9-16.3C36.656,218.211,59.056,145.111,112.156,97.111z\"><\/path> <path d=\"M462.456,195.511c-1.8-7.2-9.1-11.7-16.3-9.9c-7.2,1.8-11.7,9.1-9.9,16.3c16.9,69.6-5.6,142.7-58.7,190.7 c-37.3,33.7-84.1,50.3-130.7,50.3c-44.5,0-88.9-15.1-124.7-44.9l58.8-5.3c7.4-0.7,12.9-7.2,12.2-14.7s-7.2-12.9-14.7-12.2l-88.9,8 c-7.4,0.7-12.9,7.2-12.2,14.7l8,88.9c0.6,7,6.5,12.3,13.4,12.3c0.4,0,0.8,0,1.2-0.1c7.4-0.7,12.9-7.2,12.2-14.7l-4.8-54.1 c36.3,29.4,80.8,46.5,128.3,48.9c3.8,0.2,7.6,0.3,11.3,0.3c55.1,0,107.5-20.2,148.7-57.4 C456.056,357.911,481.656,274.811,462.456,195.511z\"><\/path> <\/g> <\/g> <g> <\/g> <g> <\/g> <g> <\/g> <g> <\/g> <g> <\/g> <g> <\/g> <g> <\/g> <g> <\/g> <g> <\/g> <g> <\/g> <g> <\/g> <g> <\/g> <g> <\/g> <g> <\/g> <g> <\/g> <\/svg>\t\t\t\t<\/span>\n\t\t\t<\/div>\n\t\t\t\t\t\t<div class=\"elementor-icon-box-content\">\n\t\t\t\t<h3 class=\"elementor-icon-box-title\">\n\t\t\t\t\t<span  >\n\t\t\t\t\t\tJezioro Nigocin\t\t\t\t\t<\/span>\n\t\t\t\t<\/h3>\n\t\t\t\t\t\t\t\t\t<p class=\"elementor-icon-box-description\">\n\t\t\t\t\t\tma powierchnie 2604 ha. i jest trzecim pod wzgl\u0119dem wielko\u015bci akwenem nale\u017cacym do Krainy Wielkich Jezior\t\t\t\t\t<\/p>\n\t\t\t\t\t\t\t<\/div>\n\t\t<\/div>\n\t\t\t\t<\/div>\n\t\t\t\t<\/div>\n\t\t\t\t\t<\/div>\n\t\t<\/div>\n\t\t\t\t\t\t\t<\/div>\n\t\t<\/section>\n\t\t\t\t\t<\/div>\n\t\t<\/div>\n\t\t\t\t\t\t\t<\/div>\n\t\t<\/section>\n\t\t\t\t\t\t<\/div>\n\t\t\t\t\t<\/div>\n\t\t","protected":false},"excerpt":{"rendered":"<p>Marina Port jachtowy dost\u0119pny dla wszystkich mieszka\u0144c\u00f3w Informacje Powierzchnia: 26,04 km\u00b2 Poziom lustra wody: 116 m G\u0142\u0119boko\u015b\u0107 \u2022 maksymalna: 39,7 m Miejscowo\u015bci nadbrze\u017cne: Gi\u017cycko, Wilkasy Rodzaj jeziora: morenowe Wymiary \u2022 max d\u0142ugo\u015b\u0107 \u2022 max szeroko\u015b\u0107: 10,8 km; 4,8 km Udogodnienia jakie czekaj\u0105 w porcie \u017ceglarskim: Wypo\u017cyczalnia wypo\u017cyczalnia sprz\u0119tu wodnego dla mieszka\u0144c\u00f3w osiedla tj. rowery wodne, [&hellip;]<\/p>\n","protected":false},"author":1,"featured_media":0,"parent":0,"menu_order":0,"comment_status":"closed","ping_status":"closed","template":"elementor_header_footer","meta":[],"_links":{"self":[{"href":"https:\/\/projekt.mazuryresidence.pl\/index.php\/wp-json\/wp\/v2\/pages\/2498"}],"collection":[{"href":"https:\/\/projekt.mazuryresidence.pl\/index.php\/wp-json\/wp\/v2\/pages"}],"about":[{"href":"https:\/\/projekt.mazuryresidence.pl\/index.php\/wp-json\/wp\/v2\/types\/page"}],"author":[{"embeddable":true,"href":"https:\/\/projekt.mazuryresidence.pl\/index.php\/wp-json\/wp\/v2\/users\/1"}],"replies":[{"embeddable":true,"href":"https:\/\/projekt.mazuryresidence.pl\/index.php\/wp-json\/wp\/v2\/comments?post=2498"}],"version-history":[{"count":19,"href":"https:\/\/projekt.mazuryresidence.pl\/index.php\/wp-json\/wp\/v2\/pages\/2498\/revisions"}],"predecessor-version":[{"id":2684,"href":"https:\/\/projekt.mazuryresidence.pl\/index.php\/wp-json\/wp\/v2\/pages\/2498\/revisions\/2684"}],"wp:attachment":[{"href":"https:\/\/projekt.mazuryresidence.pl\/index.php\/wp-json\/wp\/v2\/media?parent=2498"}],"curies":[{"name":"wp","href":"https:\/\/api.w.org\/{rel}","templated":true}]}}